[INFO] fetching crate paperclip 0.4.1...
[INFO] checking paperclip-0.4.1 against master#af3c6e733a40e671550e0f0f5aeecaa13772ba56 for pr-74989
[INFO] extracting crate paperclip 0.4.1 into /workspace/builds/worker-4/source
[INFO] validating manifest of crates.io crate paperclip 0.4.1 on toolchain af3c6e733a40e671550e0f0f5aeecaa13772ba56
[INFO] running `Command { std: "/workspace/cargo-home/bin/cargo" "+af3c6e733a40e671550e0f0f5aeecaa13772ba56" "read-manifest" "--manifest-path" "Cargo.toml", kill_on_drop: false }`
[INFO] started tweaking crates.io crate paperclip 0.4.1
[INFO] finished tweaking crates.io crate paperclip 0.4.1
[INFO] tweaked toml for crates.io crate paperclip 0.4.1 written to /workspace/builds/worker-4/source/Cargo.toml
[INFO] crate crates.io crate paperclip 0.4.1 already has a lockfile, it will not be regenerated
[INFO] running `Command { std: "/workspace/cargo-home/bin/cargo" "+af3c6e733a40e671550e0f0f5aeecaa13772ba56" "fetch" "--locked" "--manifest-path" "Cargo.toml", kill_on_drop: false }`
[INFO] running `Command { std: "docker" "create" "-v" "/var/lib/crater-agent-workspace/builds/worker-4/target:/opt/rustwide/target:rw,Z" "-v" "/var/lib/crater-agent-workspace/builds/worker-4/source:/opt/rustwide/workdir:ro,Z" "-v" "/var/lib/crater-agent-workspace/cargo-home:/opt/rustwide/cargo-home:ro,Z" "-v" "/var/lib/crater-agent-workspace/rustup-home:/opt/rustwide/rustup-home:ro,Z" "-e" "SOURCE_DIR=/opt/rustwide/workdir" "-e" "CARGO_TARGET_DIR=/opt/rustwide/target" "-e" "CARGO_HOME=/opt/rustwide/cargo-home" "-e" "RUSTUP_HOME=/opt/rustwide/rustup-home" "-w" "/opt/rustwide/workdir" "-m" "1610612736" "--user" "0:0" "--network" "none" "rustops/crates-build-env@sha256:d92eaeed33fa75130ca1ee6c8a01d1ffb62bac859dfdfb3450e3e5d1c0146529" "/opt/rustwide/cargo-home/bin/cargo" "+af3c6e733a40e671550e0f0f5aeecaa13772ba56" "metadata" "--no-deps" "--format-version=1", kill_on_drop: false }`
[INFO] [stdout] b4f757311caa1eac92f80aa86f053c887acaadff02ba4eff1a092369c2654296
[INFO] [stderr] WARNING: Your kernel does not support swap limit capabilities or the cgroup is not mounted. Memory limited without swap.
[INFO] running `Command { std: "docker" "start" "-a" "b4f757311caa1eac92f80aa86f053c887acaadff02ba4eff1a092369c2654296", kill_on_drop: false }`
[INFO] running `Command { std: "docker" "inspect" "b4f757311caa1eac92f80aa86f053c887acaadff02ba4eff1a092369c2654296", kill_on_drop: false }`
[INFO] running `Command { std: "docker" "rm" "-f" "b4f757311caa1eac92f80aa86f053c887acaadff02ba4eff1a092369c2654296", kill_on_drop: false }`
[INFO] [stdout] b4f757311caa1eac92f80aa86f053c887acaadff02ba4eff1a092369c2654296
[INFO] running `Command { std: "docker" "create" "-v" "/var/lib/crater-agent-workspace/builds/worker-4/target:/opt/rustwide/target:rw,Z" "-v" "/var/lib/crater-agent-workspace/builds/worker-4/source:/opt/rustwide/workdir:ro,Z" "-v" "/var/lib/crater-agent-workspace/cargo-home:/opt/rustwide/cargo-home:ro,Z" "-v" "/var/lib/crater-agent-workspace/rustup-home:/opt/rustwide/rustup-home:ro,Z" "-e" "SOURCE_DIR=/opt/rustwide/workdir" "-e" "CARGO_TARGET_DIR=/opt/rustwide/target" "-e" "CARGO_INCREMENTAL=0" "-e" "RUST_BACKTRACE=full" "-e" "RUSTFLAGS=--cap-lints=forbid" "-e" "CARGO_HOME=/opt/rustwide/cargo-home" "-e" "RUSTUP_HOME=/opt/rustwide/rustup-home" "-w" "/opt/rustwide/workdir" "-m" "1610612736" "--user" "0:0" "--network" "none" "rustops/crates-build-env@sha256:d92eaeed33fa75130ca1ee6c8a01d1ffb62bac859dfdfb3450e3e5d1c0146529" "/opt/rustwide/cargo-home/bin/cargo" "+af3c6e733a40e671550e0f0f5aeecaa13772ba56" "check" "--frozen" "--all" "--all-targets" "--message-format=json", kill_on_drop: false }`
[INFO] [stdout] 53115911d9ac9d772a7f5856c1a3627c198f75d57cba59a0a251b4deeb34075e
[INFO] [stderr] WARNING: Your kernel does not support swap limit capabilities or the cgroup is not mounted. Memory limited without swap.
[INFO] running `Command { std: "docker" "start" "-a" "53115911d9ac9d772a7f5856c1a3627c198f75d57cba59a0a251b4deeb34075e", kill_on_drop: false }`
[INFO] [stderr]    Compiling proc-macro2 v1.0.18
[INFO] [stderr]    Compiling unicode-xid v0.2.1
[INFO] [stderr]    Compiling memchr v2.3.3
[INFO] [stderr]     Checking lazy_static v1.4.0
[INFO] [stderr]    Compiling log v0.4.8
[INFO] [stderr]    Compiling proc-macro-nested v0.1.6
[INFO] [stderr]    Compiling proc-macro-hack v0.5.16
[INFO] [stderr]     Checking once_cell v1.4.0
[INFO] [stderr]     Checking futures-io v0.3.5
[INFO] [stderr]     Checking smallvec v1.4.0
[INFO] [stderr]    Compiling version_check v0.9.2
[INFO] [stderr]    Compiling cc v1.0.56
[INFO] [stderr]    Compiling serde v1.0.114
[INFO] [stderr]     Checking matches v0.1.8
[INFO] [stderr]     Checking tinyvec v0.3.3
[INFO] [stderr]    Compiling pkg-config v0.3.17
[INFO] [stderr]     Checking either v1.5.3
[INFO] [stderr]     Checking linked-hash-map v0.5.3
[INFO] [stderr]     Checking percent-encoding v2.1.0
[INFO] [stderr]    Compiling ryu v1.0.5
[INFO] [stderr]    Compiling unicode-segmentation v1.6.0
[INFO] [stderr]     Checking regex-syntax v0.6.18
[INFO] [stderr]     Checking quick-error v1.2.3
[INFO] [stderr]    Compiling encoding_rs v0.8.23
[INFO] [stderr]     Checking adler v0.2.2
[INFO] [stderr]     Checking instant v0.1.5
[INFO] [stderr]     Checking base64 v0.11.0
[INFO] [stderr]    Compiling paperclip v0.4.1 (/opt/rustwide/workdir)
[INFO] [stderr]     Checking futures-channel v0.3.5
[INFO] [stderr]    Compiling indexmap v1.4.0
[INFO] [stderr]    Compiling num-traits v0.2.12
[INFO] [stderr]    Compiling num-integer v0.1.43
[INFO] [stderr]     Checking bytestring v0.1.5
[INFO] [stderr]     Checking http v0.2.1
[INFO] [stderr]     Checking unicode-bidi v0.3.4
[INFO] [stderr]     Checking thread_local v1.0.1
[INFO] [stderr]     Checking addr2line v0.12.2
[INFO] [stderr]     Checking futures-task v0.3.5
[INFO] [stderr]     Checking itertools v0.9.0
[INFO] [stderr]     Checking lru-cache v0.1.2
[INFO] [stderr]     Checking yaml-rust v0.4.4
[INFO] [stderr]     Checking semver v0.10.0
[INFO] [stderr]     Checking unicode-normalization v0.1.13
[INFO] [stderr]     Checking miniz_oxide v0.4.0
[INFO] [stderr]    Compiling unicase v2.6.0
[INFO] [stderr]    Compiling proc-macro-error-attr v1.0.3
[INFO] [stderr]    Compiling proc-macro-error v1.0.3
[INFO] [stderr]     Checking crc32fast v1.2.0
[INFO] [stderr]    Compiling heck v0.3.1
[INFO] [stderr]     Checking net2 v0.2.34
[INFO] [stderr]     Checking iovec v0.1.4
[INFO] [stderr]     Checking num_cpus v1.13.0
[INFO] [stderr]     Checking signal-hook-registry v1.2.0
[INFO] [stderr]     Checking socket2 v0.3.12
[INFO] [stderr]     Checking parking_lot_core v0.7.2
[INFO] [stderr]     Checking getrandom v0.1.14
[INFO] [stderr]     Checking time v0.1.43
[INFO] [stderr]     Checking hostname v0.3.1
[INFO] [stderr]     Checking parking_lot_core v0.8.0
[INFO] [stderr]     Checking backtrace v0.3.49
[INFO] [stderr]     Checking fxhash v0.2.1
[INFO] [stderr]     Checking want v0.3.0
[INFO] [stderr]     Checking aho-corasick v0.7.13
[INFO] [stderr]     Checking threadpool v1.8.1
[INFO] [stderr]     Checking resolv-conf v0.6.3
[INFO] [stderr]     Checking rand_core v0.5.1
[INFO] [stderr]     Checking parking_lot v0.10.2
[INFO] [stderr]     Checking mio v0.6.22
[INFO] [stderr]     Checking flate2 v1.0.16
[INFO] [stderr]     Checking rand_chacha v0.2.2
[INFO] [stderr]     Checking idna v0.2.0
[INFO] [stderr]     Checking idna v0.1.5
[INFO] [stderr]    Compiling quote v1.0.7
[INFO] [stderr]    Compiling openssl-sys v0.9.58
[INFO] [stderr]    Compiling brotli-sys v0.3.2
[INFO] [stderr]     Checking rand v0.7.3
[INFO] [stderr]    Compiling mime_guess v2.0.3
[INFO] [stderr]    Compiling syn v1.0.33
[INFO] [stderr]     Checking mio-uds v0.6.8
[INFO] [stderr]     Checking url v1.7.2
[INFO] [stderr]     Checking tokio v0.2.21
[INFO] [stderr]     Checking url v2.1.1
[INFO] [stderr]     Checking regex v1.3.9
[INFO] [stderr]     Checking http-body v0.3.1
[INFO] [stderr]    Compiling openssl v0.10.30
[INFO] [stderr]    Compiling native-tls v0.2.4
[INFO] [stderr]     Checking tokio-util v0.2.0
[INFO] [stderr]     Checking tokio-util v0.3.1
[INFO] [stderr]     Checking tokio-tls v0.3.1
[INFO] [stderr]     Checking brotli2 v0.3.2
[INFO] [stderr]     Checking actix-codec v0.2.0
[INFO] [stderr]    Compiling synstructure v0.12.4
[INFO] [stderr]    Compiling syn-mid v0.5.0
[INFO] [stderr]    Compiling pin-project-internal v0.4.22
[INFO] [stderr]    Compiling futures-macro v0.3.5
[INFO] [stderr]    Compiling serde_derive v1.0.114
[INFO] [stderr]    Compiling derive_more v0.99.9
[INFO] [stderr]    Compiling actix-macros v0.1.2
[INFO] [stderr]    Compiling failure_derive v0.1.8
[INFO] [stderr]    Compiling async-trait v0.1.36
[INFO] [stderr]    Compiling enum-as-inner v0.3.2
[INFO] [stderr]    Compiling thiserror-impl v1.0.20
[INFO] [stderr]    Compiling actix-web-codegen v0.2.2
[INFO] [stderr]     Checking failure v0.1.8
[INFO] [stderr]    Compiling paperclip-macros v0.3.1
[INFO] [stderr]     Checking thiserror v1.0.20
[INFO] [stderr]     Checking pin-project v0.4.22
[INFO] [stderr]     Checking futures-util v0.3.5
[INFO] [stderr]     Checking actix-threadpool v0.3.2
[INFO] [stderr]     Checking futures-executor v0.3.5
[INFO] [stderr]     Checking actix-rt v1.1.1
[INFO] [stderr]     Checking actix-service v1.0.5
[INFO] [stderr]     Checking h2 v0.2.5
[INFO] [stderr]     Checking futures v0.3.5
[INFO] [stderr]     Checking trust-dns-proto v0.18.0-alpha.2
[INFO] [stderr]     Checking actix-utils v1.0.6
[INFO] [stderr]     Checking actix-server v1.0.3
[INFO] [stderr]     Checking actix-tls v1.0.0
[INFO] [stderr]     Checking actix-testing v1.0.1
[INFO] [stderr]     Checking hyper v0.13.6
[INFO] [stderr]     Checking trust-dns-resolver v0.18.0-alpha.2
[INFO] [stderr]     Checking serde_json v1.0.56
[INFO] [stderr]     Checking serde_urlencoded v0.6.1
[INFO] [stderr]     Checking chrono v0.4.11
[INFO] [stderr]     Checking lock_api v0.4.0
[INFO] [stderr]     Checking serde_yaml v0.8.13
[INFO] [stderr]     Checking actix-router v0.2.4
[INFO] [stderr]     Checking uuid v0.8.1
[INFO] [stderr]     Checking parking_lot v0.11.0
[INFO] [stderr]     Checking actix-connect v1.0.2
[INFO] [stderr]     Checking actix-http v1.0.1
[INFO] [stderr]     Checking paperclip-core v0.2.1
[INFO] [stderr]     Checking hyper-tls v0.4.1
[INFO] [stderr]     Checking reqwest v0.10.6
[INFO] [stderr]     Checking awc v1.0.1
[INFO] [stderr]     Checking actix-web v2.0.0
[INFO] [stdout] error[E0463]: can't find crate for `lazy_static`
[INFO] [stdout]  --> tests/test_k8s.rs:2:1
[INFO] [stdout]   |
[INFO] [stdout] 2 | extern crate lazy_static;
[INFO] [stdout]   | ^^^^^^^^^^^^^^^^^^^^^^^^^ can't find crate
[INFO] [stdout] 
[INFO] [stdout] 
[INFO] [stdout] error: aborting due to previous error
[INFO] [stdout] 
[INFO] [stdout] 
[INFO] [stdout] For more information about this error, try `rustc --explain E0463`.
[INFO] [stdout] 
[INFO] [stderr] error: could not compile `paperclip`.
[INFO] [stderr] 
[INFO] [stderr] To learn more, run the command again with --verbose.
[INFO] [stderr] warning: build failed, waiting for other jobs to finish...
[INFO] [stdout] error[E0463]: can't find crate for `lazy_static`
[INFO] [stdout]  --> tests/test_codegen.rs:2:1
[INFO] [stdout]   |
[INFO] [stdout] 2 | extern crate lazy_static;
[INFO] [stdout]   | ^^^^^^^^^^^^^^^^^^^^^^^^^ can't find crate
[INFO] [stdout] 
[INFO] [stdout] 
[INFO] [stdout] error: aborting due to previous error
[INFO] [stdout] 
[INFO] [stdout] 
[INFO] [stdout] For more information about this error, try `rustc --explain E0463`.
[INFO] [stdout] 
[INFO] [stdout] error[E0463]: can't find crate for `lazy_static`
[INFO] [stdout]  --> tests/test_app.rs:2:1
[INFO] [stdout]   |
[INFO] [stdout] 2 | extern crate lazy_static;
[INFO] [stdout]   | ^^^^^^^^^^^^^^^^^^^^^^^^^ can't find crate
[INFO] [stdout] 
[INFO] [stdout] 
[INFO] [stdout] error: aborting due to previous error
[INFO] [stdout] 
[INFO] [stdout] 
[INFO] [stdout] For more information about this error, try `rustc --explain E0463`.
[INFO] [stdout] 
[INFO] [stdout] error[E0433]: failed to resolve: could not find `v2` in `paperclip`
[INFO] [stdout]  --> tests/test_errors.rs:1:16
[INFO] [stdout]   |
[INFO] [stdout] 1 | use paperclip::v2::{
[INFO] [stdout]   |                ^^ could not find `v2` in `paperclip`
[INFO] [stdout] 
[INFO] [stdout] 
[INFO] [stdout] error[E0432]: unresolved import `paperclip::v2`
[INFO] [stdout]  --> tests/test_errors.rs:2:5
[INFO] [stdout]   |
[INFO] [stdout] 2 |     self,
[INFO] [stdout]   |     ^^^^ no `v2` in the root
[INFO] [stdout] 
[INFO] [stdout] 
[INFO] [stdout] error[E0433]: failed to resolve: use of undeclared type or module `EmitterState`
[INFO] [stdout]   --> tests/test_errors.rs:31:17
[INFO] [stdout]    |
[INFO] [stdout] 31 |     let state = EmitterState::default();
[INFO] [stdout]    |                 ^^^^^^^^^^^^ use of undeclared type or module `EmitterState`
[INFO] [stdout] 
[INFO] [stdout] 
[INFO] [stdout] error[E0433]: failed to resolve: use of undeclared type or module `DefaultEmitter`
[INFO] [stdout]   --> tests/test_errors.rs:32:19
[INFO] [stdout]    |
[INFO] [stdout] 32 |     let emitter = DefaultEmitter::from(state);
[INFO] [stdout]    |                   ^^^^^^^^^^^^^^ use of undeclared type or module `DefaultEmitter`
[INFO] [stdout] 
[INFO] [stdout] 
[INFO] [stdout] error[E0433]: failed to resolve: use of undeclared type or module `EmitterState`
[INFO] [stdout]   --> tests/test_errors.rs:77:17
[INFO] [stdout]    |
[INFO] [stdout] 77 |     let state = EmitterState::default();
[INFO] [stdout]    |                 ^^^^^^^^^^^^ use of undeclared type or module `EmitterState`
[INFO] [stdout] 
[INFO] [stdout] 
[INFO] [stdout] error[E0433]: failed to resolve: use of undeclared type or module `DefaultEmitter`
[INFO] [stdout]   --> tests/test_errors.rs:78:19
[INFO] [stdout]    |
[INFO] [stdout] 78 |     let emitter = DefaultEmitter::from(state);
[INFO] [stdout]    |                   ^^^^^^^^^^^^^^ use of undeclared type or module `DefaultEmitter`
[INFO] [stdout] 
[INFO] [stdout] 
[INFO] [stdout] error[E0412]: cannot find type `ResolvableApi` in this scope
[INFO] [stdout]   --> tests/test_errors.rs:28:14
[INFO] [stdout]    |
[INFO] [stdout] 28 |     let raw: ResolvableApi<DefaultSchema> = v2::from_reader(spec).expect("deserializing spec");
[INFO] [stdout]    |              ^^^^^^^^^^^^^ not found in this scope
[INFO] [stdout] 
[INFO] [stdout] 
[INFO] [stdout] error[E0412]: cannot find type `DefaultSchema` in this scope
[INFO] [stdout]   --> tests/test_errors.rs:28:28
[INFO] [stdout]    |
[INFO] [stdout] 10 | fn test_templated_path_missing_parameters() {
[INFO] [stdout]    |                                          - help: you might be missing a type parameter: `<DefaultSchema>`
[INFO] [stdout] ...
[INFO] [stdout] 28 |     let raw: ResolvableApi<DefaultSchema> = v2::from_reader(spec).expect("deserializing spec");
[INFO] [stdout]    |                            ^^^^^^^^^^^^^ not found in this scope
[INFO] [stdout] 
[INFO] [stdout] 
[INFO] [stdout] error[E0412]: cannot find type `ResolvableApi` in this scope
[INFO] [stdout]   --> tests/test_errors.rs:74:14
[INFO] [stdout]    |
[INFO] [stdout] 74 |     let raw: ResolvableApi<DefaultSchema> = v2::from_reader(spec).expect("deserializing spec");
[INFO] [stdout]    |              ^^^^^^^^^^^^^ not found in this scope
[INFO] [stdout] 
[INFO] [stdout] 
[INFO] [stdout] error[E0412]: cannot find type `DefaultSchema` in this scope
[INFO] [stdout]   --> tests/test_errors.rs:74:28
[INFO] [stdout]    |
[INFO] [stdout] 41 | fn test_templated_path_uniqueness() {
[INFO] [stdout]    |                                  - help: you might be missing a type parameter: `<DefaultSchema>`
[INFO] [stdout] ...
[INFO] [stdout] 74 |     let raw: ResolvableApi<DefaultSchema> = v2::from_reader(spec).expect("deserializing spec");
[INFO] [stdout]    |                            ^^^^^^^^^^^^^ not found in this scope
[INFO] [stdout] 
[INFO] [stdout] 
[INFO] [stdout] error: aborting due to 10 previous errors
[INFO] [stdout] 
[INFO] [stdout] 
[INFO] [stdout] Some errors have detailed explanations: E0412, E0432, E0433.
[INFO] [stdout] 
[INFO] [stdout] For more information about an error, try `rustc --explain E0412`.
[INFO] [stdout] 
[INFO] [stderr] error: build failed
[INFO] running `Command { std: "docker" "inspect" "53115911d9ac9d772a7f5856c1a3627c198f75d57cba59a0a251b4deeb34075e", kill_on_drop: false }`
[INFO] running `Command { std: "docker" "rm" "-f" "53115911d9ac9d772a7f5856c1a3627c198f75d57cba59a0a251b4deeb34075e", kill_on_drop: false }`
[INFO] [stdout] 53115911d9ac9d772a7f5856c1a3627c198f75d57cba59a0a251b4deeb34075e
